. Let m be o(-1). Let r = m - -19. What is the remainder when 20 is divided by r?
6
Let h = 89 - 63. What is the remainder when h is divided by 4?
2
What is the remainder when 39 is divided by (-15)/4 - -3 - 177/(-12)?
11
Suppose 0*k - 80 = -4*k. Suppose 0 = 4*h - 3*h - k. Calculate the remainder when h is divided by 11.
9
Let p(r) = 5*r**2 + 3*r - 1. What is the remainder when 36 is divided by p(-2)?
10
Suppose -2 = -5*d + 28. Suppose 11 = 3*m + o, -4*o + 3 = -m - 2. Suppose -4*p - p = m*q - 65, 12 = 2*p + 4*q. Calculate the remainder when p is divided by d.
4
Suppose -3*a = 41 - 170. Let g(o) = -3*o. What is the remainder when a is divided by g(-5)?
13
Suppose 4*o + 19 = -13. Let m(g) = -g**2 - 8*g + 7. Let c be m(o). Let w(u) = -u + 9. Calculate the remainder when 3 is divided by w(c).
1
Let i be -3 + 2 + -1 + 18. Suppose i = 2*k + 2. Suppose 0 = k*u - 2*u - 110. What is the remainder when u is divided by 6?
4
Let n be 3 - (2 - 1) - -34. Suppose -2*h + 17 = -h - o, -3*h - 2*o + n = 0. Calculate the remainder when 26 is divided by h.
12
Suppose 37*i = 256 + 40. Suppose 0 = z + z - 60. What is the remainder when z is divided by i?
6
Suppose 0 - 4 = -r. Suppose 5*o + 5*f + 21 = 4*o, r*o = 5*f + 41. Suppose 3*k + v - 36 = 0, o*k - 56 = -3*v - v. Calculate the remainder when k is divided by 4.
3
Let u = -44 + 66. What is the remainder when u is divided by 6?
4
Let x = -5 + 10. Suppose -3*f - x*y = -5, -f + 2*y + 1 = -19. Suppose -d + 2*m + 9 = -3, -d - 3*m - 3 = 0. What is the remainder when f is divided by d?
4
Let w(d) be the first derivative of -d**4/4 - 2*d**3/3 - 3*d**2/2 + 2. Suppose 2*o - o - 10 = 0. What is the remainder when o is divided by w(-2)?
4
Let m(h) be the third derivative of h**6/120 + 3*h**5/20 + h**4/6 - 5*h**3/6 - h**2. Suppose -10 = -4*l + 3*l. What is the remainder when m(-8) is divided by l?
7
Let g be (-1)/2 + 43/2. Suppose -5*n + g = -74. Let t = -1 + 11. Calculate the remainder when n is divided by t.
9
Suppose -w + 2*w = 5. Suppose 4*n + w = -3. Calculate the remainder when n/2 + (9 - -2) is divided by 4.
2
Suppose 4*a + 4*m = 10 + 14, -2*a - 3 = -3*m. Calculate the remainder when (-2)/8 - (-148)/16 is divided by a.
0
Let t(v) = -v**3 + v**2 + 4*v - 2. Let m be t(3). Let x be (-2)/m - (-7)/4. What is the remainder when x/(-4) - 50/(-4) is divided by 7?
5
Let f = -7 - -29. Suppose 86 = 78*k - 76*k. Calculate the remainder when k is divided by f.
21
Suppose -8*f + 0*f = -72. Calculate the remainder when 16 is divided by f.
7
Calculate the remainder when (2/(-5))/(9/(-315)) is divided by 9.
5
Let r(l) = -4*l + 89. What is the remainder when r(0) is divided by 23?
20
Let u(o) = 3*o - 1. Let z be u(1). Let a = z - -3. Calculate the remainder when 12 is divided by a.
2
Let c(g) = 8 - g**3 - 8*g + 0*g**3 + 0 - 8*g**2 + 2. What is the remainder when 65 is divided by c(-7)?
14
Let y = 82 - 42. Let q(x) = -11*x + 4. Let h be q(-3). Suppose -5*b + 210 - y = 2*l, -b = l - h. Calculate the remainder when b is divided by 11.
10
Suppose -5*r - 4 + 24 = 0. Suppose 0 = r*z - 2*q - 62, 2*z - 5*z + 5*q = -64. Calculate the remainder when 38 is divided by z.
12
Let k(l) = l + 13. Calculate the remainder when 37 is divided by k(-5).
5
Let z = -7 + 10. What is the remainder when (0 + -3)/(z/(-3)) is divided by 1?
0
Calculate the remainder when 29 is divided by 58/7 - (6/21)/1.
5
Suppose 2*f = 3*k - 112, 3*k + 0*f = 5*f + 100. Let v be 1110/25 - 4/10. Suppose -3*d - 2 = -v. What is the remainder when k is divided by d?
12
Let k(s) = s**2 - 2*s + 6. Calculate the remainder when 15 is divided by k(3).
6
What is the remainder when 178/4 - (-3)/(-6) is divided by (-1)/(-2)*120/4?
14
Let z(u) = u + 9. What is the remainder when 11 is divided by z(-6)?
2
Let i = 0 - -2. What is the remainder when (6/7)/(12/42) is divided by i?
1
Let s(d) = d**3 - 17*d**2 - 18*d + 3. Calculate the remainder when (-41)/(-4) + (-2)/8 is divided by s(18).
1
Suppose -5*u - 4*a - a = 80, 6 = -u + a. Let d = u + 7. Let m = 7 + d. What is the remainder when 5 is divided by m?
2
Let z(t) = t**3 - 11*t**2 - 4*t + 7. Let y(u) = -u**3 + 10*u**2 + 3*u - 7. Let n(r) = 7*y(r) + 6*z(r). What is the remainder when n(-3) is divided by 22?
21
Suppose 4*s - 49 = -5. Let q(m) = 0 + 2*m - 2 - 5*m**2 - m + m**3. What is the remainder when s is divided by q(5)?
2
Let p = -11 - -14. Suppose -20 = p*j - 5*j. What is the remainder when j is divided by 6?
4
Calculate the remainder when 10 is divided by 10/15 - (-48)/9.
4
Calculate the remainder when 1 - (14/(-2) - 0) is divided by 3.
2
Let j = -66 - -93. Calculate the remainder when j is divided by 7.
6
Let l = -38 - -71. Calculate the remainder when 164 is divided by l.
32
Let c = -1 + 5. Let l = 21 + -6. Calculate the remainder when l is divided by c.
3
Let n(s) = 4*s - 5. What is the remainder when 52 is divided by n(4)?
8
Let c = -492 - -547. Suppose -g + 48 = 5*u, -3*g - 2*u - 1 = -93. Calculate the remainder when c is divided by g.
27
Suppose 4*y - 8 = 12. Let d = y + 5. Calculate the remainder when 18 is divided by d.
8
Let u(v) = -6*v**2 + 4*v + 5. Let o(s) = -7*s**2 + 3*s + 4. Let k(n) = -5*o(n) + 4*u(n). Calculate the remainder when 22 is divided by k(1).
10
Suppose 3*l = 3*n - 6, -3*n + 2 = -0*l + l. Let p = -10 + 11. What is the remainder when p is divided by n?
0
Suppose -a = x + 2*a + 6, -3*x + 17 = 2*a. Let t = 11 + 4. What is the remainder when t is divided by x?
6
Let w = -2 + 1. Let i = w - -3. Suppose 0*s + 24 = i*s. What is the remainder when 34 is divided by s?
10
Suppose -3*i = -9 - 15. Calculate the remainder when 10 is divided by i.
2
What is the remainder when 45 is divided by 2 - 1 - 0 - (2 - 15)?
3
Suppose 404 + 630 = 4*l + 2*x, l - 260 = -x. Suppose 5*s - l - 178 = 0. What is the remainder when s is divided by 22?
21
Let a = -175 + 246. Let g = 190 - 166. What is the remainder when a is divided by g?
23
Let q = 65 - 30. Let f(k) = k**2 - 5*k - 4. Let n be f(6). Suppose -n*r + r + 18 = 0. Calculate the remainder when q is divided by r.
17
Let j(h) = -h**2 - 10*h + 25. Calculate the remainder when j(-11) is divided by 5.
4
Let i be 86/4 - 1/(-2). Suppose -3*m - g - 6 + i = 0, -g - 8 = -m. Calculate the remainder when 10 is divided by m.
4
Suppose 5 = 2*y + 3*y. What is the remainder when 3 is divided by y?
0
Suppose n - 136 = -5*x, -x - 2*n - 5 = -25. Calculate the remainder when 110 is divided by x.
26
Let u(s) = -2*s - 5. What is the remainder when 14 is divided by u(-7)?
5
Suppose 4*g - 152 = 4*u, 14 = -2*u + 4. What is the remainder when g is divided by 17?
16
Suppose -y = -0*y - 23. What is the remainder when 91 is divided by y?
22
Let k be 4/(48/9)*380. What is the remainder when k/55 - (-2)/(-11) is divided by 2?
1
Let t(h) = h**3 + 4*h**2 + 2*h + 1. Let b be t(-3). Calculate the remainder when 36/(-6)*(-38)/b is divided by 15.
12
Suppose -2*c = -0*c - 6. What is the remainder when 3 is divided by c?
0
Let z(s) = -s**3 + 3*s - 4. Let v(j) = -4*j**2 - 2*j + 3. Let r be v(-4). Let w = -28 - r. What is the remainder when w is divided by z(-3)?
11
Let t(q) = 6*q + 50. What is the remainder when t(-8) is divided by 2?
0
Let p(v) = -4*v - 1. Suppose -o - 9 = -4*o. Let z be (o/(-2))/(3/6). What is the remainder when p(z) is divided by 7?
4
Let d(l) = -3*l - 1. Calculate the remainder when d(-4) is divided by 3.
2
Suppose -2*o + 2*w = -2, -2*o + 4*w + 2 = 10. Suppose -5*k + 50 = -0*z + z, -5*k = 5*z - 30. Calculate the remainder when k is divided by o.
5
Suppose -3*s + 24 + 111 = 5*b, 0 = -2*b + 2*s + 70. What is the remainder when 89 is divided by b?
29
What is the remainder when -4*(-13 + -1 + -1 + 5) is divided by 15?
10
What is the remainder when (0 + -1)*5*-7 is divided by 18?
17
Let r(s) = s**3 - s**2 + 2*s - 3. Suppose 3*y = 4*y - 2. Suppose -2*n = y - 18. Calculate the remainder when n is divided by r(2).
3
Suppose -39 = -x - 4*n, x + 3*n = -2*x + 126. Calculate the remainder when x is divided by (-2 + 4)*15/2.
13
Let x = 198 + -111. What is the remainder when 14 is divided by x/27 + 4/(-18)?
2
Suppose -5*r + 2*r = -6. Let k(b) = 2*b**2 + 13*b + 6. Calculate the remainder when k(-9) is divided by 1/r + (-35)/(-2).
15
Let z(b) = b - 8. Let g be z(10). Suppose l + 150 = 2*w + 3*w, 0 = g*l. Calculate the 